{"id":13564,"date":"2011-04-25T23:47:45","date_gmt":"2011-04-25T22:47:45","guid":{"rendered":"http:\/\/praxischeck.ch\/?page_id=13564"},"modified":"2017-10-02T20:16:18","modified_gmt":"2017-10-02T19:16:18","slug":"impressum-und-agb","status":"publish","type":"page","link":"https:\/\/praxischeck.ch\/home\/impressum-und-agb\/","title":{"rendered":"Impressum und AGB"},"content":{"rendered":"<p>[vc_row][vc_column][vc_column_text]<\/p>\n<h2>Impressum<\/h2>\n<p>PraxisCheck ist ein Projekt der <a title=\"Projektleitung und Informatik-L\u00f6sungen nach Mass\" href=\"http:\/\/www.jacid.com\" target=\"_blank\" rel=\"noopener\">JACiD GmbH<\/a> und <a href=\"https:\/\/www.polyiamond.com\">Polyiamond<\/a> und publiziert auf der Website PraxisCheck.ch und ihren Subdomains allgemeine und unverbindliche Informationen zu komplement\u00e4rmedizinischen Heilmethoden und Anbietern.<\/p>\n<h3>Kontakt<\/h3>\n<p>JACiD GmbH<br \/>\nKilchgrundstrasse 34<br \/>\n3072 Ostermundigen<br \/>\nTel. 031 932 11 49<br \/>\nE-Mail: info@praxischeck.ch[\/vc_column_text][vc_separator color=&#8220;custom&#8220; border_width=&#8220;2&#8243; accent_color=&#8220;#dff0f2&#8243;][\/vc_column][\/vc_row][vc_row][vc_column][vc_column_text]<\/p>\n<h2>Allgemeine Gesch\u00e4fts- und Nutzungsbedingungen (AGB)<\/h2>\n<p>PraxisCheck publiziert auf PraxisCheck.ch und ihren Subdomains allgemeine und unverbindliche Informationen zu komplement\u00e4rmedizinischen Heilmethoden und Anbietern. Durch die Benutzung von PraxisCheck erkl\u00e4ren Sie sich mit allen untenstehenden Bedingungen vorbehaltlos einverstanden, ansonsten d\u00fcrfen Sie PraxisCheck nicht weiter nutzen.<\/p>\n<p>Die durch PraxisCheck erstellten Inhalte werden mit gr\u00f6sster Sorgfalt erstellt. F\u00fcr Vollst\u00e4ndigkeit, Richtigkeit und Aktualit\u00e4t kann jedoch keine Haftung \u00fcbernommen werden. Sollten Sie Fehler, Inkonsistenzen oder Missbrauch entdecken setzen Sie sich bitte umgehend mit uns in Verbindung.<\/p>\n<p>Links k\u00f6nnen zu Inhalten fremder Anbieter f\u00fchren. Daf\u00fcr ist der jeweilige Anbieter selbst verantwortlich. Bei Bekanntwerden von missbr\u00e4uchlichen Links werden diese entfernt.<\/p>\n<h3>Einbindung von Facebook, Google und anderen Diensten Dritter<\/h3>\n<p>Auf unseren Webseiten werden Dienste Dritter eingebunden. Das bedeutet, dass Ihr Besuch auf unseren Websiten durch diese Dienste getrackt werden k\u00f6nnen und falls Sie entsprechende Konten bei Drittanbietern haben auch mit Ihrem Konto verkn\u00fcpft werden k\u00f6nnen. Insbesondere hinweisen m\u00f6chten wir Sie auf folgende Dienste Dritter auf unseren Seiten:<\/p>\n<p>Google AdSense: Cookies werden verwendet zur Schaltung von Anzeigen auf Basis des vorhergehenden Surfverhaltens des Seiten-Besuchers. DART-Cookies erm\u00f6glichen Google und seinen Partner-Websites die Schaltung von Anzeigen auf Basis des vorhergehenden Surfverhaltens des Seiten-Besuchers, auch von anderen Websites. Nutzer k\u00f6nnen die Verwendung des DART-Cookies deaktivieren, indem sie die <a title=\"Google Privacy\" href=\"http:\/\/www.google.de\/privacy_ads.html\" target=\"_blank\" rel=\"noopener\">Seite zum Deaktivieren der Werbung<\/a> aufrufen oder alternativ auf <a title=\"NAI\" href=\"http:\/\/www.networkadvertising.org\/managing\/opt_out.asp\" target=\"_blank\" rel=\"noopener\">dieser Seite<\/a> der Network Advertising Initiative (NAI) weiterleiten, wo diese die Verwendung von Cookies durch einen Drittanbieter deaktivieren k\u00f6nnen.<\/p>\n<p>Google Analytics: Mit diesem Webanalysedienst wird eine Analyse der Benutzung der Website erm\u00f6glicht. Cookies werden auf Ihrem Computer gespeichert und die damit erfassten Informationen werden an einen Server von Google in den USA \u00fcbertragen.<\/p>\n<p>Google wird diese Informationen benutzen, um Ihre Nutzung der Website auszuwerten, um Reports \u00fcber die Websiteaktivit\u00e4ten f\u00fcr die Websitebetreiber zusammenzustellen und um weitere mit der Websitenutzung und der Internetnutzung verbundene Dienstleistungen zu erbringen. Auch wird Google diese Informationen gegebenenfalls an Dritte \u00fcbertragen, sofern dies gesetzlich vorgeschrieben ist oder soweit Dritte diese Daten im Auftrag von Google verarbeiten. Google wird in keinem Fall Ihre IP-Adresse mit anderen Daten der Google Inc. in Verbindung bringen.<\/p>\n<p>Sie k\u00f6nnen die Installation der Cookies durch eine entsprechende Einstellung Ihrer Browser Software verhindern; wir weisen Sie jedoch darauf hin, dass Sie in diesem Fall gegebenenfalls nicht s\u00e4mtliche Funktionen dieser Website voll umf\u00e4nglich nutzen k\u00f6nnen. Durch die Nutzung dieser Website erkl\u00e4ren Sie sich mit der Bearbeitung der \u00fcber Sie erhobenen Daten durch Google in der zuvor beschriebenen Art und Weise und zu dem zuvor benannten Zweck einverstanden.<\/p>\n<p>Amazon: Diese Website ist Teilnehmer des Partnerprogramms von Amazon Europe S.\u00e0 r.l., ein Partnerwerbeprogramm, mit dem die Platzierung von Werbeanzeigen und Links zu amazon.co.uk, Javari.co.uk, amazon.de, amazon.fr, Javari.fr, amazon.it Werbekostenerstattungen verdient werden k\u00f6nnen.<\/p>\n<p>Facebook: Auf unseren Seiten sind Elemente von Facebook integriert. Sie erkennen Sie an dem Logo (weisses &#8222;f&#8220; auf blauem Grund) oder dem &#8222;Like&#8220;- respektive &#8222;Gef\u00e4llt mir&#8220;-Knopf. Diese Elemente erlauben eine direkte Verbindung zwischen Ihrem Browser und Facebook und erm\u00f6glichen Facebook Information wie IP-Adresse oder besuchte Websites auszuwerten, abzuspeichern und Ihrem Facebook-Konto zuzuordnen. F\u00fcr weitere Infos sehen Sie bitte <a href=\"http:\/\/de-de.facebook.com\/policy.php\" target=\"_blank\" rel=\"noopener\">http:\/\/de-de.facebook.com\/policy.php<\/a>.<\/p>\n<p>Google +1: Mithilfe der Google +1-Schaltfl\u00e4che k\u00f6nnen Sie Informationen weltweit ver\u00f6ffentlichen. \u00dcber die Google +1-Schaltfl\u00e4che erhalten Sie und andere Nutzer personalisierte Inhalte von Google und unseren Partnern. Google speichert sowohl die Information, dass Sie f\u00fcr einen Inhalt +1 gegeben haben, als auch Informationen \u00fcber die Seite, die Sie beim Klicken auf +1 angesehen haben. Ihre +1 k\u00f6nnen als Hinweise zusammen mit Ihrem Profilnamen und Ihrem Foto in Google-Diensten, wie etwa in Suchergebnissen oder in Ihrem Google-Profil, oder an anderen Stellen auf Websites und Anzeigen im Internet eingeblendet werden. Google zeichnet Informationen \u00fcber Ihre +1-Aktivit\u00e4ten auf, um die Google-Dienste f\u00fcr Sie und andere zu verbessern. Um die Google +1-Schaltfl\u00e4che verwenden zu k\u00f6nnen, ben\u00f6tigen Sie ein weltweit sichtbares, \u00f6ffentliches Google-Profil, das zumindest den f\u00fcr das Profil gew\u00e4hlten Namen enthalten muss. Dieser Name wird in allen Google-Diensten verwendet. In manchen F\u00e4llen kann dieser Name auch einen anderen Namen ersetzen, den Sie beim Teilen von Inhalten \u00fcber Ihr Google-Konto verwendet haben. Die Identit\u00e4t Ihres <a href=\"http:\/\/profiles.google.com\/\" target=\"_blank\" rel=\"noopener\">Google-Profils<\/a> kann Nutzern angezeigt werden, die Ihre E-Mail-Adresse kennen oder \u00fcber andere identifizierende Informationen von Ihnen verf\u00fcgen.<\/p>\n<p>Twitter: Mit den Funktionen auf unseren Seiten von Twitter und der Funktion &#8222;Re-Tweet&#8220; werden die von Ihnen besuchten Seiten mit Ihrem Twitter-Konto verkn\u00fcpft und anderen Nutzern bekannt gegeben. Dabei werden auch Daten an Twitter \u00fcbertragen. Informationen dazu finden Sie in der Datenschutzerkl\u00e4rung von Twitter unter <a href=\"http:\/\/twitter.com\/privacy\" target=\"_blank\" rel=\"noopener\">http:\/\/twitter.com\/privacy<\/a> und Ihre Datenschutzeinstellungen bei Twitter k\u00f6nnen Sie unter <a href=\"http:\/\/twitter.com\/account\/settings\" target=\"_blank\" rel=\"noopener\">http:\/\/twitter.com\/account\/settings<\/a> \u00e4ndern.<\/p>\n<p>Anzeigen und Funktionen von weiteren Drittanbietern und -werbenetzwerken k\u00f6nnen durch entsprechende PBrowser-Plugins, AdBlock-Software oder auf den Websites der Anbieter deaktiviert werden. Einige Anbieter-Cookies k\u00f6nnen an einer zentralen Stelle deaktiviert werden: <a href=\"http:\/\/www.networkadvertising.org\/managing\/opt_out.asp\" target=\"_blank\" rel=\"noopener\">www.networkadvertising.org\/managing\/opt_out.asp<\/a><\/p>\n<p>Bei blockierten oder gel\u00f6schten Inhalten k\u00f6nnen Sie gegebenenfalls nicht alle Funktionen unserer Seite nutzen!<\/p>\n<h3>F\u00fcr Praxen und Anbieter<\/h3>\n<p>PraxisCheck bietet Praxen und Anbietern von komplement\u00e4rmedizinischen Heilmethoden ein in der Basisversion kostenloses Portal an um Angebote zu publizieren. In einer Plus- und\/oder Premiumversion k\u00f6nnen weitergehende Informationen ver\u00f6ffentlicht werden, wobei auf der Praxiseintrag-Seite das jeweilige Angebot und die Kosten daf\u00fcr angezeigt werden. Die m\u00f6glichen Bezahlmethoten werden in der Best\u00e4tigung des Eintrags schriftlich oder per E-Mail mitgeteilt.<\/p>\n<p>Jeder Autor eines Eintrags best\u00e4tigt, dass alle Rechte an den verbalen, akustischen und visuellen Inhalten bei ihm selbst liegen. Er \u00fcbertr\u00e4gt PraxisCheck ein zeitlich und \u00f6rtlich unbeschr\u00e4nktes, kostenloses Nutzungsrecht, insbesondere f\u00fcr Internet, Print, TV und Mobilkommunikation, inklusive dem Recht, Inhalte f\u00fcr anderweitige Verwendung weiterzuverarbeiten, anzupassen oder zu \u00fcbersetzen.<\/p>\n<p>Jeder Autor verpflichtet sich alle Inhalte nach bestem Wissen, in klarer Sprache und nat\u00fcrlicher Darstellung zu verfassen. Verboten sind insbesondere Wiederholungen, unsinnige Wortsammlungen, nicht deutschsprachige Texte oder Texte mit GROSSBUCHSTABEN.<\/p>\n<p>PraxisCheck beh\u00e4lt sich im Weiteren sich vor, Eintr\u00e4ge zu redigieren, zu l\u00f6schen oder zu sperren deren Inhalt ehrverletzend, beleidigend, irref\u00fchrend, jugendgef\u00e4hrdend, rassistisch, sexistisch, radikal oder strafbar ist. Entsprechende Inhalte k\u00f6nnen zur Anzeige und Sperrung des Anbieters f\u00fchren. R\u00fcckerstattungen auf bereits geleistete Zahlungen werden keine gew\u00e4hrt.<\/p>\n<p>PraxisCheck bietet M\u00f6glichkeiten, Inserate und Werbung zu schalten. Tarife und Konditionen werden jeweils individuell vereinbart.<\/p>\n<h3>F\u00fcr Informations-Suchende<\/h3>\n<p>PraxisCheck bietet Informations-Suchenden eine kostenlose Platform um Praxen und Anbieter von komplement\u00e4rmedizinischen Heilmethoden einfach zu finden und zu vergleichen. Es wird keine Gew\u00e4hr \u00fcbernommen, dass Angaben stimmen, Inhalte komplett sind oder Therapiemethoden eine erwartete Wirkung haben. Jeder Benutzer ist selbst\u00e4ndig verantwortlich f\u00fcr die Suche oder die Wahl von Praxen oder Anbietern und muss jegliche Inhalte auf eigene Verantwortung interpretieren, hinterfragen und nutzen.<\/p>\n<h3>Urheberrechte, Copyright und Darstellung<\/h3>\n<p>Durch aufrufen, kopieren oder drucken von Seiten werden keinerlei Rechte an Inhalten erworben. Das vollst\u00e4ndige oder teilweise Reproduzieren, \u00dcbertragen oder Verkn\u00fcpfen von PraxisCheck f\u00fcr \u00f6ffentliche oder kommerzielle Zwecke ist ohne schriftliche Zustimmung untersagt.<\/p>\n<p>Die Weiterverbreitung von Daten oder Screenshots von PraxisCheck ist nur unter unmittelbarer Quellenangabe und Verlinkung gestattet und bei gleichzeitiger Entfernung aller urheberrechtlich gesch\u00fctzter Inhalte.<\/p>\n<p>Praxen und Anbieter d\u00fcrfen Ihre eigenen Daten via Links auf ihre PraxisCheck-Unterseite (Deeplinks) direkt weiterverbreiten sofern der Link transparent dargestellt wird und von Suchmaschinen verfolgt werden kann (kein Flash, kein nofollow-Attribut etc.).<\/p>\n<h3>Haftungsausschluss<\/h3>\n<p>PraxisCheck schliesst jegliche Haftung aus, die sich aus dem Zugriff oder dem verunm\u00f6glichten Zugriff auf Inhalte ergeben k\u00f6nnen. PraxisCheck beh\u00e4lt sich vor, den Zugang zu der der Website aus beliebigen Gr\u00fcnden ohne Vorank\u00fcndigung zu unterbrechen.<br \/>\nPraxisCheck enth\u00e4lt Links auf Websites Dritter und \u00fcbernimt keine Verantwortung f\u00fcr deren Inhalt.<\/p>\n<h3>Datenschutz<\/h3>\n<p>Um wiederholte Besuche erkennen zu k\u00f6nnen, k\u00f6nnen Cookies auf Ihrem Rechner abgelegt werden. Wir weisen darauf hin, dass die Daten\u00fcbertragung im Internet auch via Browser, E-Mail etc. Sicherheitsl\u00fccken aufweisen kann. Ein l\u00fcckenloser Schutz der Daten vor dem Zugriff durch Dritte ist nicht m\u00f6glich. Sie willigen ein, dass Daten protokolliert und zum Zwecke Statistik, Information oder zur bedarfsgerechten Gestaltung der Dienste verwendet werden d\u00fcrfen. Diese Einwilligung ist jederzeit widerrufbar. Bei Widerruf oder bei einem Verstoss gegen diese Bedingungen ist PraxisCheck berechtigt, Benutzer-Konten sofort zu sperrenund ist in diesem Fall zu keiner weiteren Leistungserbringung oder zur R\u00fcckzahlung von Guthaben verpflichtet. Bei Missbrauch sind weitere rechtliche Schritte ausdr\u00fccklich vorbehalten.<\/p>\n<p>PraxisCheck \u00fcbernimmt keine Haftung bez\u00fcglich der Sicherung von Texten, Bildern oder andere Daten und ist nicht haftbar f\u00fcr Verlust oder Sch\u00e4den an jeglichen Daten. PraxisCheck darf Daten komprimieren oder modifizieren falls Speicherplatzbed\u00fcrftnisse oder die Einhaltung von anderen Bestandteilen dieser Gesch\u00e4ftsbedingungen dies erfordern. PraxisCheck darf den Benutzer und seine Dienste gegen\u00fcber Dritten als Referenzkunden benennen und \u00f6ffentlich z\u00fcg\u00e4ngliche Daten zu Referenzzwecken verwenden.<\/p>\n<h3>Verschiedenes<\/h3>\n<p>Die vorliegenden AGB k\u00f6nnen von PraxisCheck jederzeit abge\u00e4ndert oder durch neue Bestimmungen ersetzt werden. Die ge\u00e4nderten AGB gelten ab ihrer Publikation.<br \/>\nSollte ein nicht wesentlicher Teil eines Vertrages unter diesen Bedingungen unwirksam sein oder werden, so wird die Wirksamkeit des Vertrages im \u00fcbrigen davon nicht ber\u00fchrt. Die entsprechenden fehlerhaften Bestimmungen gelten durch eine wirksame Regelung ersetzt bzw. erg\u00e4nzt, die dem wirtschaftlichen Zweck der urspr\u00fcnglichen Regelung am n\u00e4chsten kommt.<br \/>\nDie vertraglichen Beziehungen unterliegen dem schweizerischen Recht. Gerichtsstand f\u00fcr beide Parteien ist Bern.[\/vc_column_text][\/vc_column][\/vc_row]<\/p>\n","protected":false},"excerpt":{"rendered":"<p>[vc_row][vc_column][vc_column_text] Impressum PraxisCheck ist ein Projekt der JACiD GmbH und Polyiamond und publiziert auf der Website PraxisCheck.ch und ihren Subdomains allgemeine und unverbindliche Informationen zu komplement\u00e4rmedizinischen Heilmethoden und Anbietern. Kontakt JACiD GmbH Kilchgrundstrasse 34 3072 Ostermundigen Tel. 031 932 11 49 E-Mail: info@praxischeck.ch[\/vc_column_text][vc_separator color=&#8220;custom&#8220; border_width=&#8220;2&#8243; accent_color=&#8220;#dff0f2&#8243;][\/vc_column][\/vc_row][vc_row][vc_column][vc_column_text] Allgemeine Gesch\u00e4fts- und Nutzungsbedingungen (AGB) PraxisCheck publiziert auf PraxisCheck.ch&hellip;<\/p>\n","protected":false},"author":8,"featured_media":0,"parent":0,"menu_order":28,"comment_status":"closed","ping_status":"closed","template":"","meta":[],"class_list":["post-13564","page","type-page","status-publish","hentry","description-off"],"_links":{"self":[{"href":"https:\/\/praxischeck.ch\/home\/wp-json\/wp\/v2\/pages\/13564","targetHints":{"allow":["GET"]}}],"collection":[{"href":"https:\/\/praxischeck.ch\/home\/wp-json\/wp\/v2\/pages"}],"about":[{"href":"https:\/\/praxischeck.ch\/home\/wp-json\/wp\/v2\/types\/page"}],"author":[{"embeddable":true,"href":"https:\/\/praxischeck.ch\/home\/wp-json\/wp\/v2\/users\/8"}],"replies":[{"embeddable":true,"href":"https:\/\/praxischeck.ch\/home\/wp-json\/wp\/v2\/comments?post=13564"}],"version-history":[{"count":0,"href":"https:\/\/praxischeck.ch\/home\/wp-json\/wp\/v2\/pages\/13564\/revisions"}],"wp:attachment":[{"href":"https:\/\/praxischeck.ch\/home\/wp-json\/wp\/v2\/media?parent=13564"}],"curies":[{"name":"wp","href":"https:\/\/api.w.org\/{rel}","templated":true}]}}